
False
Is 14877977 a prime number?
True
Is 136726861 a composite number?
False
Is 173467709 composite?
True
Is 873331 a prime number?
True
Is 80130623 a prime number?
True
Is 7887067 a composite number?
True
Is 198165479 prime?
True
Is 636871 prime?
False
Is 255571649 a prime number?
True
Is 4750771 a prime number?
True
Is 3216881 prime?
True
Is 4545223 a prime number?
True
Is 25491311 a prime number?
True
Is 63471601 composite?
True
Is 72991207 composite?
True
Is 1543169 a composite number?
False
Is 19629383 a prime number?
True
Is 11082359 a prime number?
False
Is 5485607 a prime number?
True
Is 146725807 a prime number?
True
Is 9353195 composite?
True
Is 25703521 composite?
False
Is 120639307 composite?
True
Is 243207571 a prime number?
True
Is 9242021 a prime number?
False
Is 46311289 a prime number?
False
Is 525571 a prime number?
True
Is 5373713 a composite number?
True
Is 71926373 composite?
True
Is 123953483 composite?
False
Is 16789957 a prime number?
False
Is 13904459 a composite number?
False
Is 6327745 a prime number?
False
Is 88280123 a composite number?
True
Is 198799807 a prime number?
False
Is 83588537 a prime number?
False
Is 50475757 prime?
True
Is 548525929 a composite number?
True
Is 34754217 composite?
True
Is 126826285 a prime number?
False
Is 16608453 prime?
False
Is 625192001 composite?
True
Is 80161223 prime?
True
Is 6019817 composite?
False
Is 261717241 a composite number?
False
Is 243609169 a composite number?
True
Is 113118361 a prime number?
False
Is 162125407 a composite number?
False
Is 524042177 a prime number?
True
Is 22691743 a composite number?
False
Is 29663597 prime?
True
Is 1188167 a composite number?
False
Is 2942467 a prime number?
False
Is 65719321 composite?
False
Is 12334079 a composite number?
False
Is 14263787 prime?
True
Is 21589621 composite?
True
Is 407177 a prime number?
True
Is 16318949 a composite number?
True
Is 34918003 a prime number?
True
Is 437566 composite?
True
Is 5667349 prime?
False
Is 43995139 a prime number?
False
Is 82461751 prime?
True
Is 2199491 a prime number?
False
Is 73514429 a composite number?
False
Is 20763437 a composite number?
False
Is 178258511 a composite number?
False
Is 31939037 a composite number?
True
Is 177823229 prime?
False
Is 28535261 composite?
False
Is 6270289 prime?
True
Is 205112269 composite?
True
Is 1040951 a prime number?
True
Is 4632761 a prime number?
False
Is 33778781 prime?
True
Is 26488113 composite?
True
Is 279509483 a composite number?
True
Is 43298257 prime?
False
Is 1850903 composite?
True
Is 181931 a composite number?
False
Is 1192899 a composite number?
True
Is 4481539 a composite number?
True
Is 1739347 composite?
False
Is 2607307 composite?
True
Is 3568501 composite?
False
Is 12256639 composite?
True
Is 72924977 a composite number?
False
Is 1644407 prime?
False
Is 11733983 a prime number?
True
Is 131888623 a composite number?
False
Is 21470783 a composite number?
False
Is 13709723 a prime number?
True
Is 3451321 a prime number?
True
Is 22513163 a prime number?
False
Is 3201283 a composite number?
True
Is 59163341 a composite number?
False
Is 1169579 prime?
False
Is 6484561 prime?
True
Is 7827263 a prime number?
False
Is 396367 a prime number?
False
Is 13772749 a prime number?
True
Is 6023981 composite?
True
Is 20318321 a prime number?
False
Is 3033658 composite?
True
Is 95013983 a composite number?
False
Is 3704039 composite?
True
Is 26558873 composite?
True
Is 797627 composite?
False
Is 3445863 a prime number?
False
Is 287893 composite?
True
Is 1028063 a composite number?
False
Is 3018061 a composite number?
True
Is 39259483 prime?
True
Is 732795949 composite?
True
Is 82165639 a composite number?
True
Is 4118885 composite?
True
Is 236715189 a prime number?
False
Is 26887711 a prime number?
True
Is 282418033 prime?
False
Is 200857 composite?
True
Is 86224291 a prime number?
True
Is 303317143 a composite number?
False
Is 11848297 a prime number?
True
Is 51009821 composite?
True
Is 881401853 a composite number?
True
Is 1303447981 composite?
True
Is 47758351 composite?
False
Is 871439 a prime number?
True
Is 65134517 composite?
True
Is 27756167 a prime number?
False
Is 815545 a composite number?
True
Is 114032381 prime?
False
Is 2480393 prime?
False
Is 95237453 a prime number?
True
Is 571034 prime?
False
Is 973087 prime?
False
Is 88254707 a composite number?
False
Is 56599267 a prime number?
True
Is 24734387 a composite number?
True
Is 89892247 prime?
False
Is 173695051 prime?
True
Is 839361971 a composite number?
True
Is 971018 a composite number?
True
Is 16459477 a composite number?
True
Is 269317159 a composite number?
False
Is 10650851 a prime number?
False
Is 9627445 a prime number?
False
Is 867553 a composite number?
False
Is 8928635 a prime number?
False
Is 18261731 prime?
True
Is 135088367 composite?
False
Is 24923221 a prime number?
True
Is 278480999 a composite number?
False
Is 103889641 a composite number?
True
Is 4596863 a prime number?
False
Is 2662331 prime?
False
Is 13117633 composite?
True
Is 10988255 composite?
True
Is 8497607 prime?
True
Is 11167601 prime?
True
Is 36744809 a prime number?
False
Is 49895761 a composite number?
False
Is 679638649 prime?
True
Is 33204461 a prime number?
True
Is 19847258 composite?
True
Is 8456626 composite?
True
Is 12512681 composite?
False
Is 3624773 a composite number?
False
Is 5034385 composite?
True
Is 5926433 composite?
True
Is 119402557 composite?
True
Is 2919199 composite?
False
Is 202373 prime?
False
Is 14503893 a composite number?
True
Is 36374881 a composite number?
False
Is 57263257 a prime number?
True
Is 92496841 composite?
False
Is 11527561 a prime number?
True
Is 1050047 prime?
False
Is 23936009 a composite number?
False
Is 373663141 prime?
False
Is 487003591 a composite number?
True
Is 778285747 a composite number?
False
Is 53008009 a prime number?
True
Is 2765383 composite?
False
Is 18352303 a composite number?
True
Is 7355677 a composite number?
True
Is 1791777283 a prime number?
True
Is 9577669 prime?
True
Is 4595959 a composite number?
True
Is 1116986461 prime?
True
Is 27724307 a prime number?
False
Is 36509777 composite?
False
Is 4737191 a prime number?
False
Is 71738617 prime?
False
Is 98916889 a prime number?
True
Is 637129 a prime number?
True
Is 2897249 a composite number?
False
Is 104764477 a composite number?
False
Is 53768237 a composite number?
True
Is 20033479 prime?
False
Is 45506149 a composite number?
True
Is 115420721 prime?
False
Is 29217821 prime?
False
Is 18371669 a composite number?
True
Is 41188291 prime?
True
Is 26569339 prime?
True
Is 11587819 a prime number?
True
Is 5092811 composite?
False
Is 11010301 a composite number?
True
Is 197749037 prime?
True
Is 808589 a composite number?
False
Is 41098823 a composite number?
True
Is 6958178 composite?
True
Is 36833591 composite?
False
Is 18399001 composite?
False
Is 114485953 a composite number?
False
Is 15968549 prime?
True
Is 1698701 a prime number?
True
Is 6094873 prime?
True
Is 133908211 a prime number?
True
Is 581536199 composite?
False
Is 81356281 a composite number?
True
Is 18733423 a composite number?
True
Is 41835821 a prime number?
False
Is 436887467 composite?
False
Is 106598435 prime?
False
Is 692063369 a composite number?
False
Is 4923883 composite?
False
Is 40492741 a composite number?
False
Is 1572581 composite?
True
Is 153884351 prime?
True
Is 126517 a prime number?
True
Is 87690353 a prime number?
False
Is 10435849 composite?
True
Is 11139949 a composite number?
False
Is 14852573 composite?
False
Is 7806151 prime?
True
Is 1881991 composite?
True
Is 121958497 a composite number?
False
Is 3980957 prime?
True
Is 23897 composite?
True
Is 42445801 a composite number?
False
Is 73588507 composite?
True
Is 3658079 a prime number?
False
Is 34196411 a composite number?
False
Is 112505693 a prime number?
True
Is 2577167 prime?
True
Is 8945003 prime?
True
Is 69787559 prime?
True
Is 153086327 a composite number?
False
Is 28368553 a prime number?
False
Is 20532235 prime?
False
Is 19062739 prime?
False
Is 6572329 prime?
False
Is 1003649 composite?
True
Is 9277 composite?
False
Is 3141499 a composite number?
True
Is 199166147 prime?
False
Is 10268339 a composite number?
False
Is 16687805 composite?
True
Is